 -k*j + j, -5*j = -2*p + 168. Let d = -24 + 36. What is the greatest common factor of d and p?
12
Suppose -6 = 2*t - 5*q - 2, -4*t = 5*q - 22. Let j be 342/8*4/t. Calculate the greatest common factor of 285 and j.
57
Let p(q) = -q**3 - 14*q**2 - 63*q - 206. Let n be p(-11). Suppose 0 = 5*x - i - 463, 475 = 3*x + 2*x + 5*i. Calculate the highest common divisor of n and x.
31
Let s(x) be the third derivative of -x**5/60 - 3*x**4/8 - 8*x**3/3 + 2*x**2 - 66*x. Let d be s(-4). Calculate the highest common divisor of 32 and d.
4
Let a(b) = 2*b**3 - b**2 + 10*b - 140. Let s be a(5). What is the greatest common divisor of s and 4320?
135
Let l(i) be the first derivative of 5*i**2/2 - 4*i - 81. Let r be l(3). What is the highest common factor of r and 99?
11
Suppose -5*b = 44 - 149. Let y = -9207 + 9211. Suppose -y*t + 59 + b = 0. What is the greatest common factor of t and 100?
20
Suppose 3*c - 264 = 4*m, -m + 213 = 3*c - 51. Let n be (2/6)/((-8)/264). Let a = 0 - n. What is the greatest common factor of c and a?
11
Suppose 2*q = -k + 2757, -2*q + 15*k = 18*k - 2755. Let c = q - 857. What is the greatest common factor of c and 58?
58
Let h be (547/(-2) - 7)*6*(-4)/18. What is the greatest common divisor of 4522 and h?
34
Let q(k) = -k**3 - 13*k**2 + k + 2. Let w be q(-12). Let a = -46 - w. Let v be ((6/10)/((-21)/105))/((-2)/8). What is the highest common factor of v and a?
12
Let l(p) be the third derivative of 23*p**4/24 - 19*p**3/2 - 2*p**2 - 28*p. Let j be l(3). Calculate the highest common factor of 66 and j.
6
Suppose 6*b + 80 = -106. Let v = b - -34. Suppose -2*n + n = -2*s, 10 = -v*s + 4*n. Calculate the highest common divisor of 10 and s.
2
Let v(b) = -b**3 - 9*b**2 - 10*b + 34. Let a be v(-7). Suppose -a*n - 495 = -39*n. Calculate the greatest common divisor of n and 6.
3
Suppose -2*x - 115 = -3*f - 6*x, 0 = 3*f + 2*x - 107. Let w = f - -6. Calculate the greatest common factor of w and 78.
39
Suppose 26 = 4*w - 6. Suppose -w*u = -214 - 10. Calculate the highest common factor of 12 and u.
4
Let i be ((-92)/110)/((-72)/94680) + (-8)/(-44). What is the greatest common divisor of i and 3520?
220
Suppose -11*o + 12 = -21. Let y be ((-72)/90 - (-6)/(-5)) + 53. Calculate the highest common divisor of o and y.
3
Let n(b) = b**3 + 36*b**2 + 90*b - 285. Let a be n(-33). Let k = 327 - 231. What is the highest common divisor of k and a?
12
Let v be (-94)/(-4)*8/4. Suppose 111 = 4*a + v. Suppose 998 = 5*y + 278. Calculate the highest common factor of a and y.
16
Let q(m) = m + 30. Let v be q(-24). Suppose -7*j = -v*j - 24. Suppose -2*l + 46 = 2*p - 26, -3*l + 108 = -4*p. Calculate the greatest common factor of l and j.
12
Suppose 13*v + 72 = 293. Let r(x) = 32*x - 5. Let q be r(6). What is the highest common divisor of v and q?
17
Suppose -1602 = -4*f + 5*c, 2*f + c - 414 = f. Calculate the greatest common divisor of f and 108.
12
Let w be (1/3)/(1/27). Let o(j) = 42*j - 879. Let v be o(25). Calculate the highest common divisor of v and w.
9
Let v be -1*((-6 + 20/5)/2 + -11). Calculate the highest common factor of 200 and v.
4
Suppose -230*t + 199*t = -496. Let f = 334 - 214. What is the greatest common divisor of t and f?
8
Let t(q) = -q**2 - 42*q - 353. Let u be t(-17). What is the greatest common divisor of 2952 and u?
72
Let v be (30/8 - 0)/((-180)/(-59040)). Calculate the greatest common divisor of 1148 and v.
82
Let k be (1589/168 - (-3)/(-24))*3. Let a be ((-8)/k)/(14/(-49)) - -8. Let y = 17 + -8. What is the greatest common factor of y and a?
9
Let k = -9680 + 10058. What is the highest common divisor of 270 and k?
54
Suppose 24*n + 28424 = 92*n. Let x be (38/(-3))/((-1)/3). Calculate the greatest common factor of n and x.
38
Let o(w) = -29*w - 1. Let l be o(-2). Let b(j) = 17*j**2 + 2. Let f = 50 + -51. Let r be b(f). Calculate the highest common factor of r and l.
19
Suppose 5*d + 591 = 2*q, -2*d = -10*q + 8*q + 582. Let r(x) = 5*x - 43. Let b be r(23). Calculate the highest common factor of b and q.
72
Suppose 5*r - 16 = 109. Let o = -22 + r. Let l be (-90)/((-18)/4 + o). Calculate the greatest common divisor of 15 and l.
15
Let s be (20 + -19)/(1/(-29)). Let n = s - -53. What is the greatest common divisor of n and 1?
1
Let u(t) be the third derivative of t**6/120 + 4*t**5/15 + t**3/3 - 10*t**2. Let h be u(-16). What is the highest common divisor of h and 9?
1
Suppose -5*k - 4*f = -17548 - 2220, 0 = 5*k + 2*f - 19754. Calculate the greatest common factor of k and 63.
21
Let b = 13663 + -13609. Suppose -2*q + m + 16 = 0, 10 = -2*q + q - 4*m. Calculate the highest common divisor of q and b.
6
Let u be 474/4 + (-1)/(-2). Suppose -55478*w - 169 = -55474*w - 441. What is the greatest common factor of u and w?
17
Let i(f) be the first derivative of f**3/3 + 3*f**2/2 - 106*f - 163. Let u be i(-14). What is the greatest common divisor of u and 42?
6
Let o be 18/(-30) + 18/5. Suppose -o*a + 124 = 43. Let s be (18/(-12))/((-12)/648). Calculate the greatest common divisor of s and a.
27
Let c(m) = -15*m + 147 + 2*m**2 - 11*m - 145. Let t be c(13). Let h = t - -449. What is the greatest common divisor of 41 and h?
41
Suppose -5*n - 648 - 317 = 0. Let l = -105 - n. Suppose 34*w + l = 38*w. What is the greatest common factor of 2 and w?
2
Let o be 5 + ((-12)/2 - -4). Suppose y - 244 = -2*d, o*d - 5*d + 5*y = -256. What is the greatest common divisor of 41 and d?
41
Let z be ((-10)/(-4) + -5)*36/(-30). Let h be ((-32)/(-20))/((-1)/(-330)*z). Calculate the highest common divisor of h and 80.
16
Suppose 2*p - 376 = -5*l + 597, 5*p - 1360 = -7*l. Calculate the greatest common divisor of 735 and l.
15
Let f = -10200 + 10236. Calculate the greatest common factor of f and 2898.
18
Let d = 16348 + -15362. What is the greatest common factor of d and 34?
34
Suppose 300 = t + 3*t. Let u be 78 + 15*3/9. Suppose 167 = 5*q - u. Calculate the highest common factor of q and t.
25
Suppose -3*f = -35 - 409. Suppose 6*c = 1532 + f. What is the greatest common factor of c and 112?
56
Let x be ((-7)/2)/((-1788)/1776 + 1). Calculate the greatest common divisor of x and 296.
74
Let j(i) = i**2 - i - 1. Let y(k) = -3*k - 2. Let b be y(0). Let g be j(b). Suppose g*t - 8 + 3 = 0. Calculate the greatest common divisor of 7 and t.
1
Let g = -139 + 196. Suppose 1 = -s + g. Let n be 1*(-140)/(-5 - 0). Calculate the highest common divisor of s and n.
28
Let g = -129 + 131. Suppose 14 = 4*m + 3*p - 234, -110 = -g*m - 5*p. Calculate the highest common divisor of 26 and m.
13
Suppose 4*m + 5*s = s + 84, 3*m - 3*s = 45. Suppose -c - 188 = 3*c. Let n = -38 - c. What is the highest common factor of m and n?
9
Suppose 3*k - 3 = 12. Suppose -26 - 9 = -k*b. Suppose 345*s - 354*s + 441 = 0. What is the greatest common factor of b and s?
7
Let x be (36/(-15))/((-39)/2600). Suppose x = c - 352. Calculate the highest common factor of 16 and c.
16
Let r(g) = 463*g - 4103. Let b be r(11). What is the greatest common factor of b and 2250?
90
Suppose 0 = 5*v + 25, -4*q + 2820 = 5*v + 293. What is the highest common factor of 264 and q?
22
Let g = 47 + -15. Suppose -4*q = -2*y - g, -5*y - 2*q = -0*y + 68. Let c(n) = -n**2 - 15*n + 31. Let p be c(y). Calculate the greatest common factor of 5 and p.
5
Let v(r) = 55*r + 626. Let y be v(-9). Calculate the greatest common divisor of 21877 and y.
131
Let k(i) be the second derivative of 0 - 8*i + 7/3*i**4 + 13/2*i**2 + 2/3*i**3. Let x be k(-3). What is the highest common factor of 23 and x?
23
Suppose 53*r - 7*r - 8855 + 1035 = 0. Calculate the highest common divisor of r and 35.
5
Suppose 14*h - 9 = -37. Let a(k) = -139*k + 8. Let c be a(h). What is the highest common factor of 26 and c?
26
Let r(d) = 66*d**2 - 4*d + 5. Let m be r(1). Suppose -16*v + 12663 = 11*v. What is the highest common factor of m and v?
67
Let r = -1900 + 1939. Calculate the highest common factor of 381 and r.
3
Suppose -4*z - 4*r + 204 = 0, 5*z + 5 - 280 = 5*r. Calculate the highest common divisor of 2067 and z.
53
Let g(c) = -33*c + 3211. Let f be g(95). Calculate the greatest common factor of f and 722.
38
Suppose 8945 = 23*m - 37791 - 3427. Calculate the highest common factor of 3 and m.
3
Let f = -45186 - -82446. Calculate the highest common factor of f and 92.
92
Suppose 1155